oes 18 divide 8712?
True
Is 3 a factor of 3157?
False
Is 12168 a multiple of 156?
True
Does 74 divide 2079?
False
Does 42 divide 1722?
True
Is 19261 a multiple of 26?
False
Is 5912 a multiple of 29?
False
Does 30 divide 11580?
True
Is 10 a factor of 4610?
True
Is 25 a factor of 19075?
True
Does 52 divide 17494?
False
Is 22770 a multiple of 11?
True
Is 850 a multiple of 17?
True
Is 12 a factor of 4475?
False
Is 126 a factor of 57204?
True
Does 12 divide 10427?
False
Is 1403 a multiple of 23?
True
Is 2830 a multiple of 281?
False
Is 408 a multiple of 12?
True
Does 8 divide 47936?
True
Is 48 a factor of 1440?
True
Does 17 divide 2120?
False
Does 4 divide 16?
True
Is 2 a factor of 2714?
True
Is 16 a factor of 2144?
True
Is 1015 a multiple of 28?
False
Does 19 divide 2188?
False
Does 10 divide 31471?
False
Does 104 divide 11128?
True
Is 15050 a multiple of 43?
True
Is 7573 a multiple of 10?
False
Does 280 divide 6195?
False
Does 43 divide 31910?
False
Is 1800 a multiple of 30?
True
Is 606 a multiple of 101?
True
Does 31 divide 13981?
True
Is 31 a factor of 79143?
True
Is 642 a multiple of 23?
False
Does 2 divide 736?
True
Is 9 a factor of 252?
True
Is 3402 a multiple of 16?
False
Is 19 a factor of 29030?
False
Is 10 a factor of 2067?
False
Is 62250 a multiple of 75?
True
Is 11154 a multiple of 13?
True
Does 3 divide 184?
False
Is 26 a factor of 27533?
False
Does 58 divide 13308?
False
Does 189 divide 2164?
False
Does 20 divide 7820?
True
Does 58 divide 9512?
True
Is 3698 a multiple of 86?
True
Is 13 a factor of 108?
False
Is 45518 a multiple of 11?
True
Is 28555 a multiple of 152?
False
Is 3 a factor of 327?
True
Is 65 a factor of 1105?
True
Is 11 a factor of 300?
False
Does 92 divide 1003?
False
Is 62 a factor of 372?
True
Is 1716 a multiple of 66?
True
Does 24 divide 332?
False
Is 3706 even?
True
Does 84 divide 4956?
True
Is 3 a factor of 72?
True
Is 17416 a multiple of 138?
False
Does 56 divide 288?
False
Does 9 divide 301?
False
Does 46 divide 40013?
False
Is 21 a factor of 16884?
True
Is 229 a multiple of 4?
False
Is 33 a factor of 158?
False
Is 36939 a multiple of 14?
False
Is 10 a factor of 1133?
False
Is 76 a factor of 912?
True
Is 31 a factor of 27342?
True
Does 2 divide 1440?
True
Does 26 divide 134?
False
Does 52 divide 884?
True
Is 12 a factor of 3987?
False
Does 12 divide 756?
True
Is 1358 a multiple of 14?
True
Is 579 a multiple of 74?
False
Is 71 a factor of 2122?
False
Is 53 a factor of 1067?
False
Is 1801 a multiple of 29?
False
Is 20806 a multiple of 103?
True
Does 38 divide 3154?
True
Is 36 a factor of 1687?
False
Is 1859 a multiple of 8?
False
Does 58 divide 5971?
False
Does 102 divide 5841?
False
Does 17 divide 725?
False
Is 14 a factor of 190?
False
Does 20 divide 720?
True
Does 20 divide 23028?
False
Is 16 a factor of 797?
False
Is 140 a factor of 700?
True
Is 263 a multiple of 52?
False
Does 228 divide 61332?
True
Is 30 a factor of 930?
True
Does 85 divide 255?
True
Is 62 a factor of 2711?
False
Does 4 divide 58?
False
Does 116 divide 26262?
False
Does 11 divide 1115?
False
Is 80 a factor of 10560?
True
Is 16 a factor of 720?
True
Is 13266 a multiple of 99?
True
Is 36609 a multiple of 16?
False
Does 53 divide 2021?
False
Is 5792 a multiple of 32?
True
Is 258 even?
True
Does 30 divide 2940?
True
Is 182 a multiple of 4?
False
Does 61 divide 3539?
False
Does 13 divide 52143?
True
Is 49 a factor of 4508?
True
Is 60 a multiple of 4?
True
Is 6270 a multiple of 30?
True
Is 10485 a multiple of 9?
True
Is 1901 a multiple of 8?
False
Is 615 a multiple of 15?
True
Does 26 divide 6818?
False
Does 14 divide 23814?
True
Is 3380 a multiple of 26?
True
Is 3812 a multiple of 2?
True
Is 1600 a multiple of 40?
True
Is 240 a multiple of 4?
True
Is 76 a factor of 6722?
False
Is 5 a factor of 650?
True
Does 327 divide 41856?
True
Is 29358 a multiple of 126?
True
Is 17 a factor of 2704?
False
Does 4 divide 1148?
True
Is 16653 a multiple of 91?
True
Is 9478 a multiple of 51?
False
Does 68 divide 5644?
True
Is 28 a factor of 10696?
True
Is 259 a factor of 72520?
True
Is 49 a factor of 472?
False
Does 53 divide 144?
False
Is 2482 a multiple of 17?
True
Is 17091 a multiple of 8?
False
Does 184 divide 31241?
False
Is 11 a factor of 2517?
False
Does 74 divide 2294?
True
Does 70 divide 8651?
False
Does 21 divide 294?
True
Is 28 a factor of 84?
True
Does 63 divide 3906?
True
Does 27 divide 373?
False
Is 22322 a multiple of 9?
False
Is 304 a multiple of 16?
True
Is 1976 a multiple of 7?
False
Does 100 divide 2300?
True
Does 7 divide 980?
True
Is 17028 a multiple of 198?
True
Is 139 a factor of 10622?
False
Is 67 a factor of 1174?
False
Is 10816 a multiple of 13?
True
Does 3 divide 11360?
False
Does 16 divide 1926?
False
Is 462 a multiple of 39?
False
Is 30216 a multiple of 12?
True
Is 82 a factor of 2624?
True
Is 1209 a multiple of 41?
False
Is 89 a factor of 2912?
False
Does 8 divide 16161?
False
Does 18 divide 71?
False
Is 15080 a multiple of 260?
True
Is 9 a factor of 1870?
False
Is 10160 a multiple of 48?
False
Is 47 a factor of 11280?
True
Does 39 divide 4761?
False
Is 26 a factor of 25298?
True
Is 346 a multiple of 7?
False
Is 19 a factor of 859?
False
Is 1672 a multiple of 46?
False
Is 5088 a multiple of 16?
True
Is 21 a factor of 1029?
True
Does 11 divide 15510?
True
Is 233 a multiple of 4?
False
Is 49 a factor of 8428?
True
Does 50 divide 44680?
False
Is 10 a factor of 770?
True
Is 217 a multiple of 31?
True
Does 10 divide 1048?
False
Does 17 divide 670?
False
Is 230 a multiple of 23?
True
Does 33 divide 2442?
True
Does 13 divide 3916?
False
Does 16 divide 2863?
False
Is 35 a factor of 6370?
True
Is 65268 a multiple of 9?
True
Does 31 divide 448?
False
Is 1017 a multiple of 28?
False
Is 62480 a multiple of 40?
True
Is 164 a multiple of 5?
False
Does 12 divide 288?
True
Does 7 divide 900?
False
Is 37 a factor of 1184?
True
Does 79 divide 2542?
False
Does 58 divide 33029?
False
Does 160 divide 4636?
False
Is 14094 a multiple of 81?
True
Is 184 a multiple of 23?
True
Is 6 a factor of 2535?
False
Does 7 divide 2017?
False
Is 43 a factor of 3182?
True
Is 924 a multiple of 66?
True
Is 3 a factor of 20?
False
Is 1220 a multiple of 51?
False
Does 39 divide 702?
True
Is 1419 a multiple of 14?
False
Does 39 divide 242?
False
Is 16297 a multiple of 43?
True
Does 4 divide 1464?
True
Is 25 a factor of 54625?
True
Does 90 divide 2250?
True
Is 3412 a multiple of 9?
False
Is 45617 a multiple of 143?
True
Does 5 divide 270?
True
Is 18 a factor of 779?
False
Is 13082 a multiple of 211?
True
Is 560 a multiple of 7?
True
Does 30 divide 17970?
True
Is 2257 a multiple of 20?
False
Is 5880 a multiple of 20?
True
Is 25254 a multiple of 125?
False
Is 31 a factor of 486?
False
Is 10 a factor of 650?
True
Is 1702 a multiple of 25?
False
Is 102 a factor of 57936?
True
Is 5491 a multiple of 11?
False
Is 193 a factor of 5558?
False
Does 6 divide 545?
False
Is 15 a factor of 6067?
False
Is 11772 a multiple of 12?
True
Is 148 even?
True
Is 157 a factor of 5177?
False
Does 52 divide 12381?
False
Does 8 divide 7178?
False
Is 348 a multiple of 8?
False
Is 26775 a multiple of 225?
True
Is 18 a factor of 14184?
True
Is 200 a multiple of 7?
False
Does 85 divide 1275?
True
Is 210 a factor of 6090?
True
Is 6 a factor of 1508?
False
Is 2004 a multiple of 3?
True
Is 1258 a multiple of 191?
False
Does 19 divide 1121?
True
Is 29174 a multiple of 43?
False
Is 23 a factor of 10301?
False
Is 279 a multiple of 58?
False
Is 14519 a multiple of 4?
False
Does 44 divide 32296?
True
Is 2971 a multiple of 54?
False
Is 5 even?
False
Does 34 divide 1156?
True
Is 9 a factor of 4099?
False
Does 36 divide 4536?
True
Is 8918 a multiple of 7?
True
Is 21 a factor of 11277?
True
Is 31 a factor of 22847?
True
Is 7 a factor of 1666?
True
Is 7 a factor of 422?
False
Is 1980 a multiple of 30?
True
Is 645 a multiple of 59?
False
Is 30174 a multiple of 27?
False
Does 14 divide 2952?
False
Is 22 a factor of 935?
False
Is 511 a multiple of 31?
False
Is 24 a factor of 8885?
False
Is 7 a factor of 20265?
True
Is 9 even?
False
Does 9 divide 441?
True
Is 1000 a multiple of 4?
True
Is 2 a factor of 740?
True
Does 113 divide 3955?
True
Is 112 a factor of 3494?
False
Is 1328 a multiple of 10?
False
Is 2236 a multiple o